{"id":278,"date":"2021-06-13T21:07:43","date_gmt":"2021-06-14T00:07:43","guid":{"rendered":"http:\/\/resumopolitico.blog.br\/?page_id=278"},"modified":"2021-06-23T09:06:35","modified_gmt":"2021-06-23T12:06:35","slug":"quem-somos","status":"publish","type":"page","link":"https:\/\/resumopolitico.com.br\/?page_id=278","title":{"rendered":"Quem Somos"},"content":{"rendered":"<p align=\"justify\"><img fetchpriority=\"high\" decoding=\"async\" class=\"wp-image-307 alignleft\" src=\"http:\/\/resumopolitico.blog.br\/wp-content\/uploads\/2021\/05\/pedro3.jpg\" alt=\"\" width=\"314\" height=\"292\" srcset=\"https:\/\/resumopolitico.com.br\/wp-content\/uploads\/2021\/05\/pedro3.jpg 828w, https:\/\/resumopolitico.com.br\/wp-content\/uploads\/2021\/05\/pedro3-300x279.jpg 300w, https:\/\/resumopolitico.com.br\/wp-content\/uploads\/2021\/05\/pedro3-768x714.jpg 768w, https:\/\/resumopolitico.com.br\/wp-content\/uploads\/2021\/05\/pedro3-750x697.jpg 750w\" sizes=\"(max-width: 314px) 100vw, 314px\" \/><br \/>\nAtuando na imprensa brasileira por mais de 50 anos o jornalista <strong>PEDRO OLIVEIRA<\/strong>, cronista pol\u00edtico respeitado por suas opini\u00f5es independentes e sua atua\u00e7\u00e3o sistem\u00e1tica em defesa da moralidade e da legalidade no campo da gest\u00e3o p\u00fablica \u00e9 o editor principal deste blog de not\u00edcias.<\/p>\n<p align=\"justify\">No campo profissional passou por grandes ve\u00edculos a exemplo do Jornal da Tarde (SP) e Di\u00e1rio de S\u00e3o Paulo e ainda como editor da Revista N\u00d3S da Associa\u00e7\u00e3o Crist\u00e3 de Mo\u00e7os (ACM\/SP), na d\u00e9cada de 70 regressou a Macei\u00f3 para Trabalhar no Jornal de Alagoas ( Di\u00e1rios Associados) , onde ocupou v\u00e1rias editorias; ocupou a editoria geral e a diretoria do JORNAL DE HOJE; com o jornalista Noaldo Dantas fundou o Jornal Opini\u00e3o (seman\u00e1rio pol\u00edtico ) e com o jornalista Pedro Collor fundou o vespertino CORREIO DE ALAGOAS.<\/p>\n<p align=\"justify\">Autor dos livros: Arquivo Aberto\/Cr\u00f4nica de um Brasil Corrupto; Brasil 2006 \u2013 A Hist\u00f3ria das Elei\u00e7\u00f5es e Manual de Licita\u00e7\u00f5es e Contratos.<\/p>\n<p align=\"justify\">Formado em Direito, fez p\u00f3s-gradua\u00e7\u00e3o em Ci\u00eancias Pol\u00edticas na Universidade de Bras\u00edlia (UnB),<\/p>\n<p>Foi professor de Direito Administrativo na Faculdade de Administra\u00e7\u00e3o e Ci\u00eancias Cont\u00e1beis de Macei\u00f3 (CESMAC);<\/p>\n<p>Atualmente \u00e9 cronista pol\u00edtico nos seman\u00e1rios Jornal Extra e Tribuna do Sert\u00e3o, al\u00e9m de v\u00e1rios sites.<\/p>\n","protected":false},"excerpt":{"rendered":"<p>Atuando na imprensa brasileira por mais de 50 anos o jornalista PEDRO OLIVEIRA, cronista pol\u00edtico respeitado por suas opini\u00f5es independentes e sua atua\u00e7\u00e3o sistem\u00e1tica em defesa da moralidade e da legalidade no campo da gest\u00e3o p\u00fablica \u00e9 o editor principal deste blog de not\u00edcias. No campo profissional passou por grandes ve\u00edculos a exemplo do Jornal [&hellip;]<\/p>\n","protected":false},"author":1,"featured_media":0,"parent":2,"menu_order":0,"comment_status":"closed","ping_status":"closed","template":"","meta":{"_monsterinsights_skip_tracking":false,"_monsterinsights_sitenote_active":false,"_monsterinsights_sitenote_note":"","_monsterinsights_sitenote_category":0,"footnotes":""},"class_list":["post-278","page","type-page","status-publish","hentry"],"yoast_head":"<!-- This site is optimized with the Yoast SEO plugin v27.3 - https:\/\/yoast.com\/product\/yoast-seo-wordpress\/ -->\n<title>Quem Somos - Resumo Pol\u00edtico<\/title>\n<meta name=\"robots\" content=\"index, follow, max-snippet:-1, max-image-preview:large, max-video-preview:-1\" \/>\n<link rel=\"canonical\" href=\"https:\/\/resumopolitico.com.br\/?page_id=278\" \/>\n<meta property=\"og:locale\" content=\"pt_BR\" \/>\n<meta property=\"og:type\" content=\"article\" \/>\n<meta property=\"og:title\" content=\"Quem Somos - Resumo Pol\u00edtico\" \/>\n<meta property=\"og:description\" content=\"Atuando na imprensa brasileira por mais de 50 anos o jornalista PEDRO OLIVEIRA, cronista pol\u00edtico respeitado por suas opini\u00f5es independentes e sua atua\u00e7\u00e3o sistem\u00e1tica em defesa da moralidade e da legalidade no campo da gest\u00e3o p\u00fablica \u00e9 o editor principal deste blog de not\u00edcias. No campo profissional passou por grandes ve\u00edculos a exemplo do Jornal [&hellip;]\" \/>\n<meta property=\"og:url\" content=\"https:\/\/resumopolitico.com.br\/?page_id=278\" \/>\n<meta property=\"og:site_name\" content=\"Resumo Pol\u00edtico\" \/>\n<meta property=\"article:modified_time\" content=\"2021-06-23T12:06:35+00:00\" \/>\n<meta property=\"og:image\" content=\"http:\/\/resumopolitico.blog.br\/wp-content\/uploads\/2021\/05\/pedro3.jpg\" \/>\n<meta name=\"twitter:card\" content=\"summary_large_image\" \/>\n<meta name=\"twitter:label1\" content=\"Est. tempo de leitura\" \/>\n\t<meta name=\"twitter:data1\" content=\"1 minuto\" \/>\n<script type=\"application\/ld+json\" class=\"yoast-schema-graph\">{\"@context\":\"https:\\\/\\\/schema.org\",\"@graph\":[{\"@type\":\"WebPage\",\"@id\":\"https:\\\/\\\/resumopolitico.com.br\\\/?page_id=278\",\"url\":\"https:\\\/\\\/resumopolitico.com.br\\\/?page_id=278\",\"name\":\"Quem Somos - Resumo Pol\u00edtico\",\"isPartOf\":{\"@id\":\"https:\\\/\\\/resumopolitico.com.br\\\/#website\"},\"primaryImageOfPage\":{\"@id\":\"https:\\\/\\\/resumopolitico.com.br\\\/?page_id=278#primaryimage\"},\"image\":{\"@id\":\"https:\\\/\\\/resumopolitico.com.br\\\/?page_id=278#primaryimage\"},\"thumbnailUrl\":\"http:\\\/\\\/resumopolitico.blog.br\\\/wp-content\\\/uploads\\\/2021\\\/05\\\/pedro3.jpg\",\"datePublished\":\"2021-06-14T00:07:43+00:00\",\"dateModified\":\"2021-06-23T12:06:35+00:00\",\"breadcrumb\":{\"@id\":\"https:\\\/\\\/resumopolitico.com.br\\\/?page_id=278#breadcrumb\"},\"inLanguage\":\"pt-BR\",\"potentialAction\":[{\"@type\":\"ReadAction\",\"target\":[\"https:\\\/\\\/resumopolitico.com.br\\\/?page_id=278\"]}]},{\"@type\":\"ImageObject\",\"inLanguage\":\"pt-BR\",\"@id\":\"https:\\\/\\\/resumopolitico.com.br\\\/?page_id=278#primaryimage\",\"url\":\"http:\\\/\\\/resumopolitico.blog.br\\\/wp-content\\\/uploads\\\/2021\\\/05\\\/pedro3.jpg\",\"contentUrl\":\"http:\\\/\\\/resumopolitico.blog.br\\\/wp-content\\\/uploads\\\/2021\\\/05\\\/pedro3.jpg\"},{\"@type\":\"BreadcrumbList\",\"@id\":\"https:\\\/\\\/resumopolitico.com.br\\\/?page_id=278#breadcrumb\",\"itemListElement\":[{\"@type\":\"ListItem\",\"position\":1,\"name\":\"In\u00edcio\",\"item\":\"https:\\\/\\\/resumopolitico.com.br\\\/\"},{\"@type\":\"ListItem\",\"position\":2,\"name\":\"P\u00e1gina de exemplo\",\"item\":\"https:\\\/\\\/resumopolitico.com.br\\\/?page_id=2\"},{\"@type\":\"ListItem\",\"position\":3,\"name\":\"Quem Somos\"}]},{\"@type\":\"WebSite\",\"@id\":\"https:\\\/\\\/resumopolitico.com.br\\\/#website\",\"url\":\"https:\\\/\\\/resumopolitico.com.br\\\/\",\"name\":\"Resumo Pol\u00edtico\",\"description\":\"Resumo Pol\u00edtico\",\"potentialAction\":[{\"@type\":\"SearchAction\",\"target\":{\"@type\":\"EntryPoint\",\"urlTemplate\":\"https:\\\/\\\/resumopolitico.com.br\\\/?s={search_term_string}\"},\"query-input\":{\"@type\":\"PropertyValueSpecification\",\"valueRequired\":true,\"valueName\":\"search_term_string\"}}],\"inLanguage\":\"pt-BR\"}]}<\/script>\n<!-- \/ Yoast SEO plugin. -->","yoast_head_json":{"title":"Quem Somos - Resumo Pol\u00edtico","robots":{"index":"index","follow":"follow","max-snippet":"max-snippet:-1","max-image-preview":"max-image-preview:large","max-video-preview":"max-video-preview:-1"},"canonical":"https:\/\/resumopolitico.com.br\/?page_id=278","og_locale":"pt_BR","og_type":"article","og_title":"Quem Somos - Resumo Pol\u00edtico","og_description":"Atuando na imprensa brasileira por mais de 50 anos o jornalista PEDRO OLIVEIRA, cronista pol\u00edtico respeitado por suas opini\u00f5es independentes e sua atua\u00e7\u00e3o sistem\u00e1tica em defesa da moralidade e da legalidade no campo da gest\u00e3o p\u00fablica \u00e9 o editor principal deste blog de not\u00edcias. No campo profissional passou por grandes ve\u00edculos a exemplo do Jornal [&hellip;]","og_url":"https:\/\/resumopolitico.com.br\/?page_id=278","og_site_name":"Resumo Pol\u00edtico","article_modified_time":"2021-06-23T12:06:35+00:00","og_image":[{"url":"http:\/\/resumopolitico.blog.br\/wp-content\/uploads\/2021\/05\/pedro3.jpg","type":"","width":"","height":""}],"twitter_card":"summary_large_image","twitter_misc":{"Est. tempo de leitura":"1 minuto"},"schema":{"@context":"https:\/\/schema.org","@graph":[{"@type":"WebPage","@id":"https:\/\/resumopolitico.com.br\/?page_id=278","url":"https:\/\/resumopolitico.com.br\/?page_id=278","name":"Quem Somos - Resumo Pol\u00edtico","isPartOf":{"@id":"https:\/\/resumopolitico.com.br\/#website"},"primaryImageOfPage":{"@id":"https:\/\/resumopolitico.com.br\/?page_id=278#primaryimage"},"image":{"@id":"https:\/\/resumopolitico.com.br\/?page_id=278#primaryimage"},"thumbnailUrl":"http:\/\/resumopolitico.blog.br\/wp-content\/uploads\/2021\/05\/pedro3.jpg","datePublished":"2021-06-14T00:07:43+00:00","dateModified":"2021-06-23T12:06:35+00:00","breadcrumb":{"@id":"https:\/\/resumopolitico.com.br\/?page_id=278#breadcrumb"},"inLanguage":"pt-BR","potentialAction":[{"@type":"ReadAction","target":["https:\/\/resumopolitico.com.br\/?page_id=278"]}]},{"@type":"ImageObject","inLanguage":"pt-BR","@id":"https:\/\/resumopolitico.com.br\/?page_id=278#primaryimage","url":"http:\/\/resumopolitico.blog.br\/wp-content\/uploads\/2021\/05\/pedro3.jpg","contentUrl":"http:\/\/resumopolitico.blog.br\/wp-content\/uploads\/2021\/05\/pedro3.jpg"},{"@type":"BreadcrumbList","@id":"https:\/\/resumopolitico.com.br\/?page_id=278#breadcrumb","itemListElement":[{"@type":"ListItem","position":1,"name":"In\u00edcio","item":"https:\/\/resumopolitico.com.br\/"},{"@type":"ListItem","position":2,"name":"P\u00e1gina de exemplo","item":"https:\/\/resumopolitico.com.br\/?page_id=2"},{"@type":"ListItem","position":3,"name":"Quem Somos"}]},{"@type":"WebSite","@id":"https:\/\/resumopolitico.com.br\/#website","url":"https:\/\/resumopolitico.com.br\/","name":"Resumo Pol\u00edtico","description":"Resumo Pol\u00edtico","potentialAction":[{"@type":"SearchAction","target":{"@type":"EntryPoint","urlTemplate":"https:\/\/resumopolitico.com.br\/?s={search_term_string}"},"query-input":{"@type":"PropertyValueSpecification","valueRequired":true,"valueName":"search_term_string"}}],"inLanguage":"pt-BR"}]}},"_links":{"self":[{"href":"https:\/\/resumopolitico.com.br\/index.php?rest_route=\/wp\/v2\/pages\/278","targetHints":{"allow":["GET"]}}],"collection":[{"href":"https:\/\/resumopolitico.com.br\/index.php?rest_route=\/wp\/v2\/pages"}],"about":[{"href":"https:\/\/resumopolitico.com.br\/index.php?rest_route=\/wp\/v2\/types\/page"}],"author":[{"embeddable":true,"href":"https:\/\/resumopolitico.com.br\/index.php?rest_route=\/wp\/v2\/users\/1"}],"replies":[{"embeddable":true,"href":"https:\/\/resumopolitico.com.br\/index.php?rest_route=%2Fwp%2Fv2%2Fcomments&post=278"}],"version-history":[{"count":7,"href":"https:\/\/resumopolitico.com.br\/index.php?rest_route=\/wp\/v2\/pages\/278\/revisions"}],"predecessor-version":[{"id":457,"href":"https:\/\/resumopolitico.com.br\/index.php?rest_route=\/wp\/v2\/pages\/278\/revisions\/457"}],"up":[{"embeddable":true,"href":"https:\/\/resumopolitico.com.br\/index.php?rest_route=\/wp\/v2\/pages\/2"}],"wp:attachment":[{"href":"https:\/\/resumopolitico.com.br\/index.php?rest_route=%2Fwp%2Fv2%2Fmedia&parent=278"}],"curies":[{"name":"wp","href":"https:\/\/api.w.org\/{rel}","templated":true}]}}